
{"id":2873,"date":"2015-11-04T10:34:51","date_gmt":"2015-11-04T09:34:51","guid":{"rendered":"http:\/\/localhost\/p4\/?page_id=2873"},"modified":"2026-02-16T20:32:22","modified_gmt":"2026-02-16T19:32:22","slug":"1-2","status":"publish","type":"page","link":"https:\/\/przedszkole4.edu.wroclaw.pl\/index.php\/1-2\/","title":{"rendered":"1,5%"},"content":{"rendered":"<div class=\"wpb-content-wrapper\"><p>[vc_row][vc_column][\/vc_column][\/vc_row][vc_row][vc_column][vc_empty_space][vc_column_text]<\/p>\n<p style=\"text-align: center\"><a href=\"https:\/\/przedszkole4.edu.wroclaw.pl\/wp-content\/uploads\/sites\/11\/2024\/01\/pobrane-1601816610.png\"><img loading=\"lazy\" decoding=\"async\" class=\"alignnone size-full wp-image-34117\" src=\"https:\/\/przedszkole4.edu.wroclaw.pl\/wp-content\/uploads\/sites\/11\/2024\/01\/pobrane-1601816610.png\" alt=\"\" width=\"225\" height=\"225\" srcset=\"https:\/\/przedszkole4.edu.wroclaw.pl\/wp-content\/uploads\/sites\/11\/2024\/01\/pobrane-1601816610.png 225w, https:\/\/przedszkole4.edu.wroclaw.pl\/wp-content\/uploads\/sites\/11\/2024\/01\/pobrane-1601816610-150x150.png 150w\" sizes=\"auto, (max-width: 225px) 100vw, 225px\" \/><\/a><\/p>\n<p>[\/vc_column_text][vc_column_text]<\/p>\n<h2 style=\"text-align: center\"><span style=\"color: #008080\">Po raz kolejny nadszed\u0142 czas rozliczania podatku. Wspieraj\u0105c akcj\u0119 1,5% prosimy o osobiste zaanga\u017cowanie si\u0119 oraz zach\u0119cenie rodziny, znajomych do przekazania 1,5% podatku na nasze przedszkole. W tym roku pragniemy kontynuowa\u0107 wsp\u00f3\u0142prac\u0119 z Fundacj\u0105 &#8222;STRACHOTA&#8221;.<\/span><\/h2>\n<h2 style=\"text-align: center\"><span style=\"color: #008080\">Dzi\u0119ki temu skorzystaj\u0105 dzieci z naszego przedszkola, kt\u00f3rym stworzymy dodatkowe mo\u017cliwo\u015bci wszechstronnego rozwoju.<\/span><\/h2>\n<h2 style=\"text-align: center\"><span style=\"color: #ff00ff\">LICZYMY NA PA\u0143STWA \u017bYCZLIWO\u015a\u0106 I ZAANGA\u017bOWANIE<\/span><\/h2>\n<p>[\/vc_column_text][vc_column_text]<\/p>\n<h2 style=\"text-align: center\"><span style=\"color: #008080\">Jak przekaza\u0107 1,5% podatku?<\/span><\/h2>\n<h2 style=\"text-align: center\"><span style=\"color: #008080\">WYPE\u0141NIAJ\u0104C PIT &#8211; 36, PIT &#8211; 37 LUB PIT &#8211; 38 WPISA\u0106:<\/span><\/h2>\n<h2 style=\"text-align: center\"><span style=\"color: #008000\"><strong>FUNDACJA &#8222;STRACHOTA&#8221; WE WROC\u0141AWIU<\/strong><\/span><\/h2>\n<h2 style=\"text-align: center\"><span style=\"color: #ff0000\">NUMER KRS: <strong>0000224647<\/strong><\/span><\/h2>\n<h2 style=\"text-align: center\"><span style=\"color: #ff0000\">CEL: <strong>PRZEDSZKOLE NR 4<\/strong><\/span><\/h2>\n<p>[\/vc_column_text][vc_column_text]<br \/>\n[\/vc_column_text][vc_column_text]<\/p>\n<p style=\"text-align: center\"><strong>Program kt\u00f3ry darmowo rozlicza pit i pomaga rozliczy\u0107 1,5%<\/strong><\/p>\n<p style=\"text-align: center\"><a href=\"http:\/\/www.e-pity.pl\/pobierz_darmowy_program\/\" target=\"_blank\" rel=\"noopener noreferrer\">http:\/\/www.e-pity.pl\/pobierz_darmowy_program\/<\/a><\/p>\n<p>[\/vc_column_text][vc_column_text]<br \/>\n[\/vc_column_text][vc_column_text css=&#8221;&#8221;]<\/p>\n<h3 style=\"text-align: center\"><span style=\"color: #0000ff;font-size: 24px\">W roku 2025 dzi\u0119ki Pa\u0144stwa zaanga\u017cowaniu nasze przedszkole otrzyma\u0142o kwot\u0119 9338,20 z\u0142.<\/span><\/h3>\n<h3 style=\"text-align: center\"><span style=\"color: #0000ff;font-size: 24px\">Po uzgodnieniu z Rad\u0105 Rodzic\u00f3w za pieni\u0105dze te zakupili\u015bmy now\u0105 hu\u015btawk\u0119 firmy Playeko, kt\u00f3ra ju\u017c na wiosn\u0119 pojawi si\u0119 w naszym ogrodzie.<\/span><\/h3>\n<p style=\"text-align: center\"><span style=\"color: #ff6600;font-size: 16px\"><strong>DZI\u0118KUJEMY BARDZO WSZYSTKIM DARCZY\u0143COM !<\/strong><\/span><\/p>\n<p>[\/vc_column_text][\/vc_column][\/vc_row][vc_row][vc_column][vc_gallery interval=&#8221;3&#8243; images=&#8221;42973&#8243; img_size=&#8221;full&#8221; onclick=&#8221;&#8221; css=&#8221;&#8221;][\/vc_column][\/vc_row]<\/p>\n<\/div>","protected":false},"excerpt":{"rendered":"<p>[vc_row][vc_column][\/vc_column][\/vc_row][vc_row][vc_column][vc_empty_space][vc_column_text] [\/vc_column_text][vc_column_text] Po raz kolejny nadszed\u0142 czas rozliczania podatku. Wspieraj\u0105c akcj\u0119 1,5% prosimy o osobiste zaanga\u017cowanie si\u0119 oraz zach\u0119cenie rodziny, znajomych do przekazania 1,5% podatku na nasze przedszkole. W tym [&hellip;]<\/p>\n","protected":false},"author":7,"featured_media":0,"parent":0,"menu_order":0,"comment_status":"closed","ping_status":"closed","template":"","meta":{"footnotes":""},"class_list":["post-2873","page","type-page","status-publish","hentry","clearfix"],"_links":{"self":[{"href":"https:\/\/przedszkole4.edu.wroclaw.pl\/index.php\/wp-json\/wp\/v2\/pages\/2873","targetHints":{"allow":["GET"]}}],"collection":[{"href":"https:\/\/przedszkole4.edu.wroclaw.pl\/index.php\/wp-json\/wp\/v2\/pages"}],"about":[{"href":"https:\/\/przedszkole4.edu.wroclaw.pl\/index.php\/wp-json\/wp\/v2\/types\/page"}],"author":[{"embeddable":true,"href":"https:\/\/przedszkole4.edu.wroclaw.pl\/index.php\/wp-json\/wp\/v2\/users\/7"}],"replies":[{"embeddable":true,"href":"https:\/\/przedszkole4.edu.wroclaw.pl\/index.php\/wp-json\/wp\/v2\/comments?post=2873"}],"version-history":[{"count":48,"href":"https:\/\/przedszkole4.edu.wroclaw.pl\/index.php\/wp-json\/wp\/v2\/pages\/2873\/revisions"}],"predecessor-version":[{"id":43018,"href":"https:\/\/przedszkole4.edu.wroclaw.pl\/index.php\/wp-json\/wp\/v2\/pages\/2873\/revisions\/43018"}],"wp:attachment":[{"href":"https:\/\/przedszkole4.edu.wroclaw.pl\/index.php\/wp-json\/wp\/v2\/media?parent=2873"}],"curies":[{"name":"wp","href":"https:\/\/api.w.org\/{rel}","templated":true}]}}