
{"id":2863,"date":"2015-11-04T10:33:13","date_gmt":"2015-11-04T09:33:13","guid":{"rendered":"http:\/\/localhost\/p4\/?page_id=2863"},"modified":"2026-04-17T12:33:24","modified_gmt":"2026-04-17T10:33:24","slug":"jadlospis","status":"publish","type":"page","link":"https:\/\/przedszkole4.edu.wroclaw.pl\/index.php\/jadlospis\/","title":{"rendered":"Jad\u0142ospis"},"content":{"rendered":"<div class=\"wpb-content-wrapper\"><p>[vc_row][vc_column width=&#8221;2\/3&#8243;][vc_column_text css=&#8221;&#8221;]<a href=\"https:\/\/przedszkole4.edu.wroclaw.pl\/wp-content\/uploads\/sites\/11\/2026\/04\/Jadlospis-II-DEKADA-kwiecien-2026-przedszkole-4.pdf\" target=\"_blank\" rel=\"noopener\">Jad\u0142ospis II DEKADA kwiecie\u0144 2026 przedszkole 4<\/a><\/p>\n<p><a href=\"https:\/\/przedszkole4.edu.wroclaw.pl\/wp-content\/uploads\/sites\/11\/2026\/04\/DIETA-BEZMLECZNA-II-DEKADA-kwiecien-2025-przedszkole-4.pdf\" target=\"_blank\" rel=\"noopener\">DIETA BEZMLECZNA II DEKADA kwiecie\u0144 2026 przedszkole 4<\/a>[\/vc_column_text][\/vc_column][vc_column width=&#8221;1\/3&#8243;][vc_column_text]<\/p>\n<p><a href=\"https:\/\/przedszkole4.edu.wroclaw.pl\/wp-content\/uploads\/sites\/11\/2015\/11\/tab-img1.png\"><img loading=\"lazy\" decoding=\"async\" class=\"alignnone size-medium wp-image-3269\" src=\"\/\/przedszkole4.edu.wroclaw.pl\/wp-content\/uploads\/sites\/11\/2015\/11\/tab-img1-285x300.png\" alt=\"tab-img1\" width=\"285\" height=\"300\" srcset=\"https:\/\/przedszkole4.edu.wroclaw.pl\/wp-content\/uploads\/sites\/11\/2015\/11\/tab-img1-285x300.png 285w, https:\/\/przedszkole4.edu.wroclaw.pl\/wp-content\/uploads\/sites\/11\/2015\/11\/tab-img1.png 301w\" sizes=\"auto, (max-width: 285px) 100vw, 285px\" \/><\/a><\/p>\n<p>[\/vc_column_text][\/vc_column][\/vc_row][vc_row][vc_column][vc_gallery type=&#8221;image_grid&#8221; images=&#8221;40668,40669,40287,40286,39969,39968,39510,39509,38060,38061,38409,38410,39048,39049&#8243; css=&#8221;&#8221; title=&#8221;WA\u017bNIAK MIESI\u0104CA&#8221;][\/vc_column][\/vc_row]<\/p>\n<\/div>","protected":false},"excerpt":{"rendered":"<p>[vc_row][vc_column width=&#8221;2\/3&#8243;][vc_column_text css=&#8221;&#8221;]Jad\u0142ospis II DEKADA kwiecie\u0144 2026 przedszkole 4 DIETA BEZMLECZNA II DEKADA kwiecie\u0144 2026 przedszkole 4[\/vc_column_text][\/vc_column][vc_column width=&#8221;1\/3&#8243;][vc_column_text] [\/vc_column_text][\/vc_column][\/vc_row][vc_row][vc_column][vc_gallery type=&#8221;image_grid&#8221; images=&#8221;40668,40669,40287,40286,39969,39968,39510,39509,38060,38061,38409,38410,39048,39049&#8243; css=&#8221;&#8221; title=&#8221;WA\u017bNIAK MIESI\u0104CA&#8221;][\/vc_column][\/vc_row]<\/p>\n","protected":false},"author":7,"featured_media":0,"parent":0,"menu_order":0,"comment_status":"closed","ping_status":"closed","template":"","meta":{"footnotes":""},"class_list":["post-2863","page","type-page","status-publish","hentry","clearfix"],"_links":{"self":[{"href":"https:\/\/przedszkole4.edu.wroclaw.pl\/index.php\/wp-json\/wp\/v2\/pages\/2863","targetHints":{"allow":["GET"]}}],"collection":[{"href":"https:\/\/przedszkole4.edu.wroclaw.pl\/index.php\/wp-json\/wp\/v2\/pages"}],"about":[{"href":"https:\/\/przedszkole4.edu.wroclaw.pl\/index.php\/wp-json\/wp\/v2\/types\/page"}],"author":[{"embeddable":true,"href":"https:\/\/przedszkole4.edu.wroclaw.pl\/index.php\/wp-json\/wp\/v2\/users\/7"}],"replies":[{"embeddable":true,"href":"https:\/\/przedszkole4.edu.wroclaw.pl\/index.php\/wp-json\/wp\/v2\/comments?post=2863"}],"version-history":[{"count":317,"href":"https:\/\/przedszkole4.edu.wroclaw.pl\/index.php\/wp-json\/wp\/v2\/pages\/2863\/revisions"}],"predecessor-version":[{"id":43677,"href":"https:\/\/przedszkole4.edu.wroclaw.pl\/index.php\/wp-json\/wp\/v2\/pages\/2863\/revisions\/43677"}],"wp:attachment":[{"href":"https:\/\/przedszkole4.edu.wroclaw.pl\/index.php\/wp-json\/wp\/v2\/media?parent=2863"}],"curies":[{"name":"wp","href":"https:\/\/api.w.org\/{rel}","templated":true}]}}